{"id":1052,"date":"2018-08-29T15:17:06","date_gmt":"2018-08-29T18:17:06","guid":{"rendered":"https:\/\/eanecochea-bue.infd.edu.ar\/sitio\/informacion-para-estudiantes\/"},"modified":"2022-06-02T17:54:30","modified_gmt":"2022-06-02T20:54:30","slug":"informacion-para-estudiantes","status":"publish","type":"page","link":"https:\/\/eanecochea-bue.infd.edu.ar\/sitio\/informacion-para-estudiantes\/","title":{"rendered":"ESTUDIANTES"},"content":{"rendered":"<p style=\"text-align: center;\"><span style=\"font-size: 14pt;\"><strong>&nbsp;<\/strong><\/span><\/p>\n<div class=\"text_exposed_show\">\n<h3 style=\"text-align: left;\"><span style=\"font-size: 12pt;\">Descarg\u00e1 la <a title=\"Inscripci\u00f3n 2016\" href=\"https:\/\/eanecochea-bue.infd.edu.ar\/sitio\/inscripcion-2017\/\" target=\"_blank\" rel=\"noopener\"><span style=\"text-decoration: underline;\">planilla de inscripci\u00f3n<\/span><\/a> correspondiente a la carrera en la cual te inscrib\u00eds y present\u00e1la en la escuela con la documentaci\u00f3n solicitada en un folio tama\u00f1o oficio. De toda la documentaci\u00f3n presentar dos copias.<\/span><\/h3>\n<p><strong><span style=\"text-decoration: underline;\"><span style=\"font-size: 10pt;\">DOCUMENTACION A PRESENTAR PARA LA INSCRIPCION&nbsp;&nbsp;<\/span><\/span><\/strong><span lang=\"ES\" style=\"font-size: 12pt;\"><span lang=\"ES\"><span lang=\"ES\"><span lang=\"ES\"><span lang=\"ES\"><span lang=\"ES\"><span lang=\"ES\"><span lang=\"ES\"><span lang=\"ES\">(Reinscripci\u00f3n este a\u00f1o requiere misma documentaci\u00f3n)<\/span><\/span><\/span><\/span><\/span><\/span><\/span><\/span><\/span><\/p>\n<ul>\n<li><span style=\"font-size: 10pt;\">Fotocopia de DNI (1\u00b0, 2\u00b0 hoja y cambio de domicilio)<br \/>\n<\/span><\/li>\n<li><span style=\"font-size: 10pt;\">Fotocopia de certificado de nacimiento.<\/span><\/li>\n<li><span style=\"font-size: 10pt;\">Certificado de estudio secundario completo; cursando o materia\/s que adeuda.<\/span><\/li>\n<li><span style=\"font-size: 10pt;\">Otros t\u00edtulos -no excluyente &#8211; (fotocopia)<\/span><\/li>\n<li><span style=\"font-size: 10pt;\">1 foto tama\u00f1o carnet.<br \/>\n<\/span><\/li>\n<li><span style=\"font-size: 10pt;\">Certificado de salud de organismo municipal, provincial o nacional.<\/span><\/li>\n<li><span style=\"font-size: 10pt;\">certificado de salud vocal (para aspirantes a m\u00fasica, canto, coro) emitido por otorrinolaring\u00f3logo.<\/span><\/li>\n<li><span style=\"font-size: 10pt;\">Cooperadora se paga en la Escuela<\/span><\/li>\n<li><span style=\"font-size: 10pt;\">Inscripci\u00f3n&nbsp; $ (corresponde a Enero-Febrero)<\/span><\/li>\n<\/ul>\n<h5 style=\"text-align: left;\"><a href=\"https:\/\/eanecochea-bue.infd.edu.ar\/sitio\/wp-content\/uploads\/2019\/11\/FORMULARIO-DE-SOLICITUD-DE-REINCORPORACIO\u0301N-POR-INASISTENCIAS.pdf\">FORMULARIO DE SOLICITUD DE REINCORPORACIO\u0301N POR INASISTENCIAS<\/a><\/h5>\n<p>&nbsp;<\/p>\n<p><strong><span class=\"text_exposed_show\">&nbsp;<\/span><\/strong><\/p>\n<p>&nbsp;<\/p>\n<p>&nbsp;<\/p>\n<p>&nbsp;<\/p>\n<p>&nbsp;<\/p>\n<p>&nbsp;<\/p>\n<p><span style=\"font-size: 10pt;\"><strong>&nbsp;<\/strong><\/span><\/p>\n<\/div>\n","protected":false},"excerpt":{"rendered":"<p>&nbsp; Descarg\u00e1 la planilla de inscripci\u00f3n correspondiente a la carrera en la cual te inscrib\u00eds y present\u00e1la en la escuela con la documentaci\u00f3n solicitada en un folio tama\u00f1o oficio. De toda la documentaci\u00f3n presentar dos copias. DOCUMENTACION A PRESENTAR PARA LA INSCRIPCION&nbsp;&nbsp;(Reinscripci\u00f3n este a\u00f1o requiere misma documentaci\u00f3n) Fotocopia de DNI (1\u00b0, 2\u00b0 hoja y cambio &#8230; <a title=\"ESTUDIANTES\" class=\"read-more\" href=\"https:\/\/eanecochea-bue.infd.edu.ar\/sitio\/informacion-para-estudiantes\/\" aria-label=\"More on ESTUDIANTES\">[+]<\/a><\/p>\n","protected":false},"author":363,"featured_media":0,"parent":0,"menu_order":0,"comment_status":"closed","ping_status":"closed","template":"","meta":[],"acf":[],"_links":{"self":[{"href":"https:\/\/eanecochea-bue.infd.edu.ar\/sitio\/wp-json\/wp\/v2\/pages\/1052"}],"collection":[{"href":"https:\/\/eanecochea-bue.infd.edu.ar\/sitio\/wp-json\/wp\/v2\/pages"}],"about":[{"href":"https:\/\/eanecochea-bue.infd.edu.ar\/sitio\/wp-json\/wp\/v2\/types\/page"}],"author":[{"embeddable":true,"href":"https:\/\/eanecochea-bue.infd.edu.ar\/sitio\/wp-json\/wp\/v2\/users\/363"}],"replies":[{"embeddable":true,"href":"https:\/\/eanecochea-bue.infd.edu.ar\/sitio\/wp-json\/wp\/v2\/comments?post=1052"}],"version-history":[{"count":9,"href":"https:\/\/eanecochea-bue.infd.edu.ar\/sitio\/wp-json\/wp\/v2\/pages\/1052\/revisions"}],"predecessor-version":[{"id":1619,"href":"https:\/\/eanecochea-bue.infd.edu.ar\/sitio\/wp-json\/wp\/v2\/pages\/1052\/revisions\/1619"}],"wp:attachment":[{"href":"https:\/\/eanecochea-bue.infd.edu.ar\/sitio\/wp-json\/wp\/v2\/media?parent=1052"}],"curies":[{"name":"wp","href":"https:\/\/api.w.org\/{rel}","templated":true}]}}