{"id":1073,"date":"2018-08-29T15:17:13","date_gmt":"2018-08-29T18:17:13","guid":{"rendered":"https:\/\/eanecochea-bue.infd.edu.ar\/sitio\/profesorado-en-educacion-musical\/"},"modified":"2025-04-23T18:18:16","modified_gmt":"2025-04-23T21:18:16","slug":"profesorado-en-educacion-musical","status":"publish","type":"page","link":"https:\/\/eanecochea-bue.infd.edu.ar\/sitio\/profesorado-en-educacion-musical\/","title":{"rendered":"PROFESORADO EN EDUCACI\u00d3N MUSICAL"},"content":{"rendered":"\n<p class=\"has-small-font-size\"><strong><span style=\"font-family: arial, helvetica, sans-serif; font-size: 14pt; color: #ff6600;\"><span style=\"color: #000000;\"><a href=\"https:\/\/eanecochea-bue.infd.edu.ar\/sitio\/horarios-ed-musical-2025\/\" data-type=\"URL\" data-id=\"https:\/\/eanecochea-bue.infd.edu.ar\/sitio\/horarios-ed-musical-2025\/\">HORARIOS<\/a><\/span><\/span> <\/strong>| <span style=\"font-family: arial, helvetica, sans-serif; font-size: 14pt;\"><a href=\"https:\/\/eanecochea-bue.infd.edu.ar\/sitio\/horarios-edi\/\" data-type=\"URL\" data-id=\"https:\/\/eanecochea-bue.infd.edu.ar\/sitio\/horarios-edi\/\"><strong>HORARIOS EDIs<\/strong><\/a><\/span> | <span style=\"font-size: 14pt; font-family: arial, helvetica, sans-serif; color: #ff6600;\"><strong><span style=\"color: #000000;\"><a href=\"https:\/\/eanecochea-bue.infd.edu.ar\/sitio\/correlatividades-2\/\" data-type=\"URL\" data-id=\"https:\/\/eanecochea-bue.infd.edu.ar\/sitio\/correlatividades-2\/\">CORRELATIVIDADES<\/a><\/span><\/strong><\/span> (click para ver)<\/p>\n\n\n\n<h3 class=\"wp-block-heading\"><span style=\"font-family: 'book antiqua', palatino; font-size: 14pt; color: #ff6600;\"><strong style=\"font-family: georgia, palatino; font-size: 14pt;\">&nbsp;<\/strong><\/span>Estructura Curricular<\/h3>\n\n\n\n<figure class=\"wp-block-table has-small-font-size\"><table><tbody><tr><td colspan=\"5\"><strong>Profesorado de M\u00fasica (Orientaci\u00f3n en Educaci\u00f3n Musical)<\/strong><\/td><\/tr><tr><td colspan=\"5\">T\u00edtulo que otorga: <strong>Profesor de M\u00fasica (orientaci\u00f3n en Educaci\u00f3n Musical)<\/strong><br><a href=\"https:\/\/eanecochea-bue.infd.edu.ar\/sitio\/wp-content\/uploads\/2023\/07\/Anexo-Diseno-Ed.-Musical.pdf\"><strong>Resoluci\u00f3n 855\/11<\/strong> (descargar <strong>Dise\u00f1o Curricular<\/strong>)<\/a><\/td><\/tr><tr><td><strong>A\u00f1o<\/strong><\/td><td class=\"has-text-align-left\" data-align=\"left\"><strong>Campos de Formaci\u00f3n<\/strong><\/td><td><strong>N\u00ba<\/strong><\/td><td><strong>Unidad Curricular<\/strong> (click para descargar el programa)<\/td><td><strong>Horas<\/strong><\/td><\/tr><tr><td rowspan=\"10\"><strong>1<\/strong><strong>er<\/strong><\/td><td class=\"has-text-align-left\" data-align=\"left\" rowspan=\"6\"><strong><em>Espec\u00edfica<\/em><\/strong><\/td><td>1<\/td><td>Lenguaje Musical I<\/td><td>128<\/td><\/tr><tr><td>2<\/td><td class=\"has-text-align-left\" data-align=\"left\">Producci\u00f3n y An\u00e1lisis Musical I<\/td><td>64<\/td><\/tr><tr><td>3<\/td><td class=\"has-text-align-left\" data-align=\"left\">Instrumento Arm\u00f3nico I<\/td><td>32<\/td><\/tr><tr><td>4<\/td><td class=\"has-text-align-left\" data-align=\"left\">Canto Colectivo I<\/td><td>64<\/td><\/tr><tr><td>5<\/td><td class=\"has-text-align-left\" data-align=\"left\">Percusi\u00f3n<\/td><td>64<\/td><\/tr><tr><td>6<\/td><td class=\"has-text-align-left\" data-align=\"left\">Trabajo Corporal<\/td><td>64<\/td><\/tr><tr><td><strong><em>Pr\u00e1ctica Profesional<\/em><\/strong><\/td><td class=\"has-text-align-left\" data-align=\"left\">7<\/td><td>Pr\u00e1ctica Docente I<\/td><td>96<\/td><\/tr><tr><td rowspan=\"3\"><strong><em>General<\/em><\/strong><\/td><td class=\"has-text-align-left\" data-align=\"left\">8<\/td><td>Fundamentos de la Educaci\u00f3n<\/td><td>64<\/td><\/tr><tr><td>9<\/td><td class=\"has-text-align-left\" data-align=\"left\">Psicolog\u00eda de la Educaci\u00f3n I<\/td><td>64<\/td><\/tr><tr><td>10<\/td><td class=\"has-text-align-left\" data-align=\"left\">Historia Social General<\/td><td>64<\/td><\/tr><tr><td rowspan=\"10\"><strong>2<\/strong><strong>do<\/strong><\/td><td class=\"has-text-align-left\" data-align=\"left\" rowspan=\"6\"><strong><em>Espec\u00edfica<\/em><\/strong><\/td><td>11<\/td><td>Lenguaje Musical II<\/td><td>128<\/td><\/tr><tr><td>12<\/td><td class=\"has-text-align-left\" data-align=\"left\">Producci\u00f3n y An\u00e1lisis Musical II<\/td><td>64<\/td><\/tr><tr><td>13<\/td><td class=\"has-text-align-left\" data-align=\"left\">Historia de la M\u00fasica I<\/td><td>64<\/td><\/tr><tr><td>14<\/td><td class=\"has-text-align-left\" data-align=\"left\">Instrumento Arm\u00f3nico II<\/td><td>32<\/td><\/tr><tr><td>15<\/td><td class=\"has-text-align-left\" data-align=\"left\">Canto Colectivo II<\/td><td>64<\/td><\/tr><tr><td>16<\/td><td class=\"has-text-align-left\" data-align=\"left\">Conjuntos Vocales e Instrumentales I<\/td><td>64<\/td><\/tr><tr><td><strong><em>Pr\u00e1ctica Profesional<\/em><\/strong><\/td><td class=\"has-text-align-left\" data-align=\"left\">17<\/td><td>Pr\u00e1ctica Docente II<\/td><td>96<\/td><\/tr><tr><td rowspan=\"3\"><strong><em>General<\/em><\/strong><\/td><td class=\"has-text-align-left\" data-align=\"left\">18<\/td><td>Did\u00e1ctica General<\/td><td>64<\/td><\/tr><tr><td>19<\/td><td class=\"has-text-align-left\" data-align=\"left\">Psicolog\u00eda de la Educaci\u00f3n II<\/td><td>64<\/td><\/tr><tr><td>20<\/td><td class=\"has-text-align-left\" data-align=\"left\">Historia sociopol\u00edtica de Latinoam\u00e9rica y Argentina<\/td><td>64<\/td><\/tr><tr><td rowspan=\"9\"><strong>3<\/strong><strong>er<\/strong><\/td><td class=\"has-text-align-left\" data-align=\"left\" rowspan=\"6\"><strong><em>Espec\u00edfica<\/em><\/strong><\/td><td>21<\/td><td>Lenguaje Musical III<\/td><td>128<\/td><\/tr><tr><td>22<\/td><td class=\"has-text-align-left\" data-align=\"left\">Historia de la M\u00fasica II<\/td><td>64<\/td><\/tr><tr><td>23<\/td><td class=\"has-text-align-left\" data-align=\"left\">Instrumento Arm\u00f3nico III<\/td><td>32<\/td><\/tr><tr><td>24<\/td><td class=\"has-text-align-left\" data-align=\"left\">Inform\u00e1tica y Medios Electroac\u00fasticos<\/td><td>64<\/td><\/tr><tr><td>25<\/td><td class=\"has-text-align-left\" data-align=\"left\">Conjuntos Vocales e Instrumentales II<\/td><td>64<\/td><\/tr><tr><td>26<\/td><td class=\"has-text-align-left\" data-align=\"left\">Did\u00e1ctica de la M\u00fasica I<\/td><td>96<\/td><\/tr><tr><td><strong><em>Pr\u00e1ctica Profesional<\/em><\/strong><\/td><td class=\"has-text-align-left\" data-align=\"left\">27<\/td><td>Pr\u00e1ctica Docente III<\/td><td>128<\/td><\/tr><tr><td rowspan=\"2\"><strong><em>General<\/em><\/strong><\/td><td class=\"has-text-align-left\" data-align=\"left\">28<\/td><td>Pol\u00edtica Educativa<\/td><td>64<\/td><\/tr><tr><td>29<\/td><td class=\"has-text-align-left\" data-align=\"left\">Teor\u00edas del Arte I<\/td><td>64<\/td><\/tr><tr><td rowspan=\"8\"><strong>4<\/strong><strong>to<\/strong><\/td><td class=\"has-text-align-left\" data-align=\"left\" rowspan=\"5\"><strong><em>Espec\u00edfica<\/em><\/strong><\/td><td>30<\/td><td>Lenguaje Musical IV<\/td><td>128<\/td><\/tr><tr><td>31<\/td><td class=\"has-text-align-left\" data-align=\"left\">Historia de la M\u00fasica III<\/td><td>64<\/td><\/tr><tr><td>32<\/td><td class=\"has-text-align-left\" data-align=\"left\">Instrumento Arm\u00f3nico IV<\/td><td>32<\/td><\/tr><tr><td>33<\/td><td class=\"has-text-align-left\" data-align=\"left\">Realizaci\u00f3n Musical-Esc\u00e9nica<\/td><td>64<\/td><\/tr><tr><td>34<\/td><td class=\"has-text-align-left\" data-align=\"left\">Did\u00e1ctica de la M\u00fasica II<\/td><td>96<\/td><\/tr><tr><td><strong><em>Pr\u00e1ctica Profesional<\/em><\/strong><\/td><td class=\"has-text-align-left\" data-align=\"left\">35<\/td><td>Pr\u00e1ctica Docente IV<\/td><td>128<\/td><\/tr><tr><td rowspan=\"2\"><strong><em>General<\/em><\/strong><\/td><td class=\"has-text-align-left\" data-align=\"left\">36<\/td><td>Teor\u00edas del Arte II<\/td><td>64<\/td><\/tr><tr><td>37<\/td><td class=\"has-text-align-left\" data-align=\"left\">Metodolog\u00eda de la Investigaci\u00f3n en Artes<\/td><td><strong>&nbsp;<\/strong> 96<\/td><\/tr><tr><td>&nbsp;<\/td><td class=\"has-text-align-left\" data-align=\"left\" colspan=\"2\">Institucional<\/td><td>Espacios de Definici\u00f3n Institucional<\/td><td>256<\/td><\/tr><tr><td colspan=\"2\">37 ASIGNATURAS + EDI<\/td><td class=\"has-text-align-left\" data-align=\"left\">&nbsp;<\/td><td>HORAS TOTALES:<\/td><td>3040<\/td><\/tr><tr><td colspan=\"5\">La carga horaria establecida para los EDI podr\u00e1 dividirse como lo defina la Instituci\u00f3n (tipo de unidad curricular, carga)<\/td><\/tr><\/tbody><\/table><\/figure>\n","protected":false},"excerpt":{"rendered":"<p>HORARIOS | HORARIOS EDIs | CORRELATIVIDADES (click para ver) &nbsp;Estructura Curricular Profesorado de M\u00fasica (Orientaci\u00f3n en Educaci\u00f3n Musical) T\u00edtulo que otorga: Profesor de M\u00fasica (orientaci\u00f3n en Educaci\u00f3n Musical)Resoluci\u00f3n 855\/11 (descargar Dise\u00f1o Curricular) A\u00f1o Campos de Formaci\u00f3n N\u00ba Unidad Curricular (click para descargar el programa) Horas 1er Espec\u00edfica 1 Lenguaje Musical I 128 2 Producci\u00f3n y &#8230; <a title=\"PROFESORADO EN EDUCACI\u00d3N MUSICAL\" class=\"read-more\" href=\"https:\/\/eanecochea-bue.infd.edu.ar\/sitio\/profesorado-en-educacion-musical\/\" aria-label=\"More on PROFESORADO EN EDUCACI\u00d3N MUSICAL\">[+]<\/a><\/p>\n","protected":false},"author":363,"featured_media":0,"parent":0,"menu_order":0,"comment_status":"closed","ping_status":"closed","template":"","meta":[],"acf":[],"_links":{"self":[{"href":"https:\/\/eanecochea-bue.infd.edu.ar\/sitio\/wp-json\/wp\/v2\/pages\/1073"}],"collection":[{"href":"https:\/\/eanecochea-bue.infd.edu.ar\/sitio\/wp-json\/wp\/v2\/pages"}],"about":[{"href":"https:\/\/eanecochea-bue.infd.edu.ar\/sitio\/wp-json\/wp\/v2\/types\/page"}],"author":[{"embeddable":true,"href":"https:\/\/eanecochea-bue.infd.edu.ar\/sitio\/wp-json\/wp\/v2\/users\/363"}],"replies":[{"embeddable":true,"href":"https:\/\/eanecochea-bue.infd.edu.ar\/sitio\/wp-json\/wp\/v2\/comments?post=1073"}],"version-history":[{"count":14,"href":"https:\/\/eanecochea-bue.infd.edu.ar\/sitio\/wp-json\/wp\/v2\/pages\/1073\/revisions"}],"predecessor-version":[{"id":2383,"href":"https:\/\/eanecochea-bue.infd.edu.ar\/sitio\/wp-json\/wp\/v2\/pages\/1073\/revisions\/2383"}],"wp:attachment":[{"href":"https:\/\/eanecochea-bue.infd.edu.ar\/sitio\/wp-json\/wp\/v2\/media?parent=1073"}],"curies":[{"name":"wp","href":"https:\/\/api.w.org\/{rel}","templated":true}]}}