{"id":1097,"date":"2018-08-29T15:17:23","date_gmt":"2018-08-29T18:17:23","guid":{"rendered":"https:\/\/eanecochea-bue.infd.edu.ar\/sitio\/tecnicaturas-en-instrumento-canto\/"},"modified":"2025-04-28T19:21:54","modified_gmt":"2025-04-28T22:21:54","slug":"tecnicaturas-en-instrumento-canto","status":"publish","type":"page","link":"https:\/\/eanecochea-bue.infd.edu.ar\/sitio\/tecnicaturas-en-instrumento-canto\/","title":{"rendered":"TECNICATURAS EN INSTRUMENTO \/ CANTO"},"content":{"rendered":"\n<p class=\"has-small-font-size\"><strong><span style=\"font-family: arial, helvetica, sans-serif; font-size: 14pt; color: #ff6600;\"><span style=\"color: #000000;\"><a href=\"https:\/\/eanecochea-bue.infd.edu.ar\/sitio\/horarios-2025\/\" data-type=\"URL\" data-id=\"https:\/\/eanecochea-bue.infd.edu.ar\/sitio\/horarios-2025\/\">HORARIOS<\/a><\/span><\/span> <\/strong>| <span style=\"font-family: arial, helvetica, sans-serif; font-size: 14pt;\"><a href=\"https:\/\/eanecochea-bue.infd.edu.ar\/sitio\/horarios-edi\/\" data-type=\"URL\" data-id=\"https:\/\/eanecochea-bue.infd.edu.ar\/sitio\/horarios-edi\/\"><strong>HORARIOS EDIs<\/strong><\/a><\/span> | <span style=\"font-size: 14pt; font-family: arial, helvetica, sans-serif; color: #ff6600;\"><strong><span style=\"color: #000000;\"><a href=\"https:\/\/eanecochea-bue.infd.edu.ar\/sitio\/?page_id=2093\" data-type=\"URL\">CORRELATIVIDADES<\/a><\/span><\/strong><\/span> (click para ver)<\/p>\n\n\n\n<figure class=\"wp-block-table has-small-font-size\"><table><tbody><tr><td><strong>Tecnicatura en Instrumento\/Canto &#8211; M\u00fasica Popular<\/strong><\/td><\/tr><tr><td>T\u00edtulo que otorga: <strong>Tecnicatura en Capacitaci\u00f3n Instrumental \/ Vocal<\/strong><br><a href=\"https:\/\/eanecochea-bue.infd.edu.ar\/sitio\/wp-content\/uploads\/2025\/04\/Resolucion-13235-Postitulos-y-Tecnicaturas-Musicapara-web.pdf\" data-type=\"URL\" data-id=\"https:\/\/eanecochea-bue.infd.edu.ar\/sitio\/wp-content\/uploads\/2025\/04\/Resolucion-13235-Postitulos-y-Tecnicaturas-Musicapara-web.pdf\"><strong>Resoluci\u00f3n 13235\/99<\/strong> (descargar <strong>Resoluci\u00f3n<\/strong>)<\/a><\/td><\/tr><tr><td>&nbsp;<\/td><\/tr><tr><td><strong>1er A\u00f1o<\/strong><\/td><\/tr><tr><td>INSTRUMENTO TANGO I<\/td><\/tr><tr><td>INSTRUMENTO JAZZ I<\/td><\/tr><tr><td>INSTRUMENTO FOLKLORE I<\/td><\/tr><tr><td>INSTRUMENTO ARM\u00d3NICO I<\/td><\/tr><tr><td>PR\u00c1CTICA DE CONJ. VOC. INSTR.<\/td><\/tr><tr><td>TALLER DE TRABAJO CORPORAL<\/td><\/tr><tr><td>ELEMENTOS T\u00c9CNICOS DE LA M\u00daSICA I<\/td><\/tr><tr><td>HISTORIA DE LA M\u00daSICA I<\/td><\/tr><tr><td><\/td><\/tr><tr><td><strong>2do A\u00d1O<\/strong><\/td><\/tr><tr><td>INSTRUMENTO DEL G\u00c9NERO II<\/td><\/tr><tr><td>INSTRUMENTO ARM\u00d3NICO II<\/td><\/tr><tr><td>PR\u00c1CTICA DE CONJUNTO DEL G\u00c9NERO I<\/td><\/tr><tr><td>ELEMENTOS T\u00c9CNICOS DEL GENERO I<\/td><\/tr><tr><td>HISTORIA DE LA M\u00daSICA II<\/td><\/tr><tr><td>ESPACIO INSTITUCIONAL<\/td><\/tr><tr><td><\/td><\/tr><tr><td><strong>3er A\u00d1O<\/strong><\/td><\/tr><tr><td>INSTRUMENTO DEL G\u00c9NERO III<\/td><\/tr><tr><td>HISTORIA DEL G\u00c9NERO<\/td><\/tr><tr><td>PR\u00c1CTICA DE CONJUNTO DEL G\u00c9NERO II<\/td><\/tr><tr><td>ELEMENTOS T\u00c9CNICOS DEL GENERO II<\/td><\/tr><tr><td>AC\u00daSTICA<\/td><\/tr><tr><td>M\u00daSICA LATINOAMERICANA I<\/td><\/tr><tr><td>ESPACIO INSTITUCIONAL<\/td><\/tr><tr><td><\/td><\/tr><tr><td><strong>4to A\u00d1O<\/strong><\/td><\/tr><tr><td>INSTRUMENTO DEL G\u00c9NERO IV<\/td><\/tr><tr><td>PR\u00c1CTICA DE CONJUNTO DEL G\u00c9NERO III<\/td><\/tr><tr><td>MEDIOS ELECTROAC\u00daSTICOS<\/td><\/tr><tr><td>ARREGLOS VOCALES E INSTRUMENTALES<\/td><\/tr><tr><td>ELEMENTOS T\u00c9CNICOS DEL GENERO III<\/td><\/tr><tr><td>M\u00daSICA LATINOAMERICANA II<\/td><\/tr><tr><td>MEDIOS AUDIOVISUALES<\/td><\/tr><tr><td>ESPACIO INSTITUCIONAL<\/td><\/tr><\/tbody><\/table><\/figure>\n\n\n\n<p><a title=\"EDIs2018\" href=\"upload\/CARTELERA_DE_EDIs.pdf\" target=\"_blank\" rel=\"noopener\">&nbsp;<\/a><\/p>\n","protected":false},"excerpt":{"rendered":"<p>HORARIOS | HORARIOS EDIs | CORRELATIVIDADES (click para ver) Tecnicatura en Instrumento\/Canto &#8211; M\u00fasica Popular T\u00edtulo que otorga: Tecnicatura en Capacitaci\u00f3n Instrumental \/ VocalResoluci\u00f3n 13235\/99 (descargar Resoluci\u00f3n) &nbsp; 1er A\u00f1o INSTRUMENTO TANGO I INSTRUMENTO JAZZ I INSTRUMENTO FOLKLORE I INSTRUMENTO ARM\u00d3NICO I PR\u00c1CTICA DE CONJ. VOC. INSTR. TALLER DE TRABAJO CORPORAL ELEMENTOS T\u00c9CNICOS DE LA &#8230; <a title=\"TECNICATURAS EN INSTRUMENTO \/ CANTO\" class=\"read-more\" href=\"https:\/\/eanecochea-bue.infd.edu.ar\/sitio\/tecnicaturas-en-instrumento-canto\/\" aria-label=\"More on TECNICATURAS EN INSTRUMENTO \/ CANTO\">[+]<\/a><\/p>\n","protected":false},"author":363,"featured_media":0,"parent":0,"menu_order":0,"comment_status":"closed","ping_status":"closed","template":"","meta":[],"acf":[],"_links":{"self":[{"href":"https:\/\/eanecochea-bue.infd.edu.ar\/sitio\/wp-json\/wp\/v2\/pages\/1097"}],"collection":[{"href":"https:\/\/eanecochea-bue.infd.edu.ar\/sitio\/wp-json\/wp\/v2\/pages"}],"about":[{"href":"https:\/\/eanecochea-bue.infd.edu.ar\/sitio\/wp-json\/wp\/v2\/types\/page"}],"author":[{"embeddable":true,"href":"https:\/\/eanecochea-bue.infd.edu.ar\/sitio\/wp-json\/wp\/v2\/users\/363"}],"replies":[{"embeddable":true,"href":"https:\/\/eanecochea-bue.infd.edu.ar\/sitio\/wp-json\/wp\/v2\/comments?post=1097"}],"version-history":[{"count":21,"href":"https:\/\/eanecochea-bue.infd.edu.ar\/sitio\/wp-json\/wp\/v2\/pages\/1097\/revisions"}],"predecessor-version":[{"id":2386,"href":"https:\/\/eanecochea-bue.infd.edu.ar\/sitio\/wp-json\/wp\/v2\/pages\/1097\/revisions\/2386"}],"wp:attachment":[{"href":"https:\/\/eanecochea-bue.infd.edu.ar\/sitio\/wp-json\/wp\/v2\/media?parent=1097"}],"curies":[{"name":"wp","href":"https:\/\/api.w.org\/{rel}","templated":true}]}}