{"id":1117,"date":"2018-08-29T15:17:30","date_gmt":"2018-08-29T18:17:30","guid":{"rendered":"https:\/\/eanecochea-bue.infd.edu.ar\/sitio\/inscripcion-2017\/"},"modified":"2025-12-09T16:09:12","modified_gmt":"2025-12-09T19:09:12","slug":"inscripcion-2020","status":"publish","type":"page","link":"https:\/\/eanecochea-bue.infd.edu.ar\/sitio\/inscripcion-2020\/","title":{"rendered":"Inscripci\u00f3n 2026"},"content":{"rendered":"<p style=\"text-align: center;\"><strong><span style=\"font-size: 24pt; font-family: arial,helvetica,sans-serif;\">Planillas de Inscripci\u00f3n 2026<\/span><\/strong><\/p>\n<p style=\"text-align: left;\"><span style=\"font-family: arial, helvetica, sans-serif; font-size: 18pt; color: #00ccff;\"><strong>MUSICA<\/strong><\/span><\/p>\n<p style=\"text-align: left;\"><span style=\"font-family: arial,helvetica,sans-serif; color: #ff6600;\"><strong><span style=\"font-size: 14pt;\"><span style=\"color: #000000;\">Iniciaci\u00f3n Musical (ni\u00f1os\/as de 9 a 14 a\u00f1os)\u00a0<a href=\"https:\/\/eanecochea-bue.infd.edu.ar\/sitio\/wp-content\/uploads\/2019\/11\/PLANILLA-DE-INSCRIPCI\u00d3N-INICIACI\u00d3N-MUSICAL-1.pdf\">PLANILLA-DE-INSCRIPCI\u00d3N-INICIACI\u00d3N-MUSICAL<\/a><\/span><\/span><\/strong><\/span><\/p>\n<p style=\"text-align: left;\"><span style=\"font-family: arial,helvetica,sans-serif; color: #ff6600;\"><strong><span style=\"font-size: 14pt;\"><span style=\"color: #000000;\">Tecnicatura en Capacitaci\u00f3n Vocal (Canto<\/span><\/span><span style=\"font-size: 14pt;\"><span style=\"color: #000000;\">)\u00a0<a href=\"https:\/\/eanecochea-bue.infd.edu.ar\/sitio\/wp-content\/uploads\/2020\/02\/PLANILLA-DE-INSCRIPCI\u00d3N-CANTO-1.pdf\">PLANILLA-DE-INSCRIPCI\u00d3N-CANTO<\/a><\/span><\/span><\/strong><\/span><\/p>\n<p style=\"text-align: left;\"><span style=\"font-family: arial,helvetica,sans-serif; color: #ff6600;\"><strong><span style=\"font-size: 14pt;\"><span style=\"color: #000000;\">Tecnicatura en Capacitaci\u00f3n Instrumental (Instrumento)\u00a0<a href=\"https:\/\/eanecochea-bue.infd.edu.ar\/sitio\/wp-content\/uploads\/2020\/02\/PLANILLA-DE-INSCRIPCI\u00d3N-INSTRUMENTO-1.pdf\">PLANILLA-DE-INSCRIPCI\u00d3N-INSTRUMENTO<\/a><\/span><\/span><\/strong><\/span><\/p>\n<p style=\"text-align: left;\"><span style=\"font-family: arial,helvetica,sans-serif; color: #ff6600;\"><strong><span style=\"font-size: 14pt;\"><span style=\"color: #000000;\">Profesorado de M\u00fasica orientaci\u00f3n en Educaci\u00f3n Musical\u00a0<a href=\"https:\/\/eanecochea-bue.infd.edu.ar\/sitio\/wp-content\/uploads\/2021\/03\/PLANILLA-DE-INSCRIPCI\u00d3N-PROF.-ED.-MUSICAL.pdf\">PLANILLA DE INSCRIPCI\u00d3N PROF. ED. MUSICAL<\/a><\/span><\/span><\/strong><\/span><\/p>\n<h4><span style=\"color: #ff0000;\"><strong>ARTES VISUALES<\/strong><\/span><\/h4>\n<p style=\"text-align: left;\"><span style=\"font-family: arial,helvetica,sans-serif; color: #000000; font-size: 14pt;\"><strong>Tecnicatura Realizador en Artes Visuales\u00a0<a href=\"https:\/\/eanecochea-bue.infd.edu.ar\/sitio\/wp-content\/uploads\/2025\/12\/TRAV-2026.pdf.pdf\">PLANILLA DE INSCRIPCION REALIZADOR ARTES VISUALES<\/a><\/strong><\/span><\/p>\n<p style=\"text-align: left;\"><span style=\"font-family: arial,helvetica,sans-serif; color: #000000; font-size: 14pt;\"><strong>Tecnicatura Superior en Cer\u00e1mica\u00a0<a href=\"https:\/\/eanecochea-bue.infd.edu.ar\/sitio\/wp-content\/uploads\/2025\/12\/tecceramica.pdf\">Planillas de inscripcion tec en Ceramica<\/a><\/strong><\/span><\/p>\n<h5><strong>Profesorado de Artes Visuales Orientacion Pintura\/Grabado\/Escultura\u00a0<a href=\"https:\/\/eanecochea-bue.infd.edu.ar\/sitio\/wp-content\/uploads\/2025\/12\/PROF-AAVV2026-1.pdf\">PLANILLA DE INSCRIPCION PROF AAVV ORIENTACION PINTURA\/GRABADO\/ESCULTURA 2026<\/a><\/strong><\/h5>\n<p style=\"text-align: left;\"><span style=\"font-family: arial,helvetica,sans-serif; color: #000000; font-size: 14pt;\"><strong>Profesorado de Artes Visuales Orientaci\u00f3n Cer\u00e1mica\u00a0<a href=\"https:\/\/eanecochea-bue.infd.edu.ar\/sitio\/wp-content\/uploads\/2025\/12\/PROF-CERAMICA.2026.pdf.pdf\">PLANILLA DE INSCRIPCI\u00d3N PROF. ARTES VISUALES CER\u00c1MICA &#8211;\u00a0<\/a><\/strong><\/span><\/p>\n<p style=\"text-align: left;\"><span style=\"font-family: arial, helvetica, sans-serif; color: #339966; font-size: 18pt;\"><strong>TEATRO<\/strong><\/span><\/p>\n<p style=\"text-align: left;\"><span style=\"font-family: arial,helvetica,sans-serif; color: #000000; font-size: 14pt;\"><strong>Tecnicatura en Actuaci\u00f3n Teatral\u00a0<a href=\"https:\/\/eanecochea-bue.infd.edu.ar\/sitio\/wp-content\/uploads\/2019\/11\/Planillas-de-inscripcion-tec-de-teatro.pdf\">Planillas de inscripcion tec de teatro<\/a><\/strong><\/span><\/p>\n<p style=\"text-align: left;\"><span style=\"font-family: arial,helvetica,sans-serif; color: #000000; font-size: 14pt;\"><strong>Profesorado de Teatro\u00a0<a href=\"https:\/\/eanecochea-bue.infd.edu.ar\/sitio\/wp-content\/uploads\/2019\/11\/Planillas-de-inscripcion-profesorado-de-teatro.pdf\">Planillas de inscripcion profesorado de teatro<\/a><\/strong><\/span><\/p>\n<p style=\"text-align: left;\"><span style=\"font-family: arial,helvetica,sans-serif; color: #339966; font-size: 18pt;\"><strong><span style=\"color: #ff9900;\">DANZA<\/span>\u00a0<span style=\"color: #ff9900;\">(Expresi\u00f3n Corporal y <\/span><span style=\"color: #ff9900;\">Danzas Folcl\u00f3ricas)<\/span><\/strong><\/span><\/p>\n<p style=\"text-align: left;\"><span style=\"font-family: arial,helvetica,sans-serif; color: #000000; font-size: 14pt;\"><strong>Profesorado de Danza (Orientaci\u00f3n Danzas y Expresi\u00f3n Corporal)\u00a0<a href=\"https:\/\/eanecochea-bue.infd.edu.ar\/sitio\/wp-content\/uploads\/2019\/11\/Planillas-de-inscripcion-danza-expresion-corporal.pdf\">Planillas de inscripcion danza expresion corporal<\/a><\/strong><\/span><\/p>\n<p style=\"text-align: left;\"><span style=\"font-family: arial,helvetica,sans-serif; color: #000000; font-size: 14pt;\"><strong>Profesorado de Danza (Orientaci\u00f3n en Danzas Folcl\u00f3ricas)<a href=\"https:\/\/eanecochea-bue.infd.edu.ar\/sitio\/wp-content\/uploads\/2019\/11\/Planillas-de-inscripcion-danza-profesorado-folklore.pdf\">Planillas de inscripcion danza profesorado folklore<\/a><\/strong><\/span><\/p>\n<p style=\"text-align: left;\">\n","protected":false},"excerpt":{"rendered":"<p>Planillas de Inscripci\u00f3n 2026 MUSICA Iniciaci\u00f3n Musical (ni\u00f1os\/as de 9 a 14 a\u00f1os)\u00a0PLANILLA-DE-INSCRIPCI\u00d3N-INICIACI\u00d3N-MUSICAL Tecnicatura en Capacitaci\u00f3n Vocal (Canto)\u00a0PLANILLA-DE-INSCRIPCI\u00d3N-CANTO Tecnicatura en Capacitaci\u00f3n Instrumental (Instrumento)\u00a0PLANILLA-DE-INSCRIPCI\u00d3N-INSTRUMENTO Profesorado de M\u00fasica orientaci\u00f3n en Educaci\u00f3n Musical\u00a0PLANILLA DE INSCRIPCI\u00d3N PROF. ED. MUSICAL ARTES VISUALES Tecnicatura Realizador en Artes Visuales\u00a0PLANILLA DE INSCRIPCION REALIZADOR ARTES VISUALES Tecnicatura Superior en Cer\u00e1mica\u00a0Planillas de inscripcion tec en &#8230; <a title=\"Inscripci\u00f3n 2026\" class=\"read-more\" href=\"https:\/\/eanecochea-bue.infd.edu.ar\/sitio\/inscripcion-2020\/\" aria-label=\"More on Inscripci\u00f3n 2026\">[+]<\/a><\/p>\n","protected":false},"author":363,"featured_media":0,"parent":0,"menu_order":0,"comment_status":"closed","ping_status":"closed","template":"","meta":[],"acf":[],"_links":{"self":[{"href":"https:\/\/eanecochea-bue.infd.edu.ar\/sitio\/wp-json\/wp\/v2\/pages\/1117"}],"collection":[{"href":"https:\/\/eanecochea-bue.infd.edu.ar\/sitio\/wp-json\/wp\/v2\/pages"}],"about":[{"href":"https:\/\/eanecochea-bue.infd.edu.ar\/sitio\/wp-json\/wp\/v2\/types\/page"}],"author":[{"embeddable":true,"href":"https:\/\/eanecochea-bue.infd.edu.ar\/sitio\/wp-json\/wp\/v2\/users\/363"}],"replies":[{"embeddable":true,"href":"https:\/\/eanecochea-bue.infd.edu.ar\/sitio\/wp-json\/wp\/v2\/comments?post=1117"}],"version-history":[{"count":32,"href":"https:\/\/eanecochea-bue.infd.edu.ar\/sitio\/wp-json\/wp\/v2\/pages\/1117\/revisions"}],"predecessor-version":[{"id":2579,"href":"https:\/\/eanecochea-bue.infd.edu.ar\/sitio\/wp-json\/wp\/v2\/pages\/1117\/revisions\/2579"}],"wp:attachment":[{"href":"https:\/\/eanecochea-bue.infd.edu.ar\/sitio\/wp-json\/wp\/v2\/media?parent=1117"}],"curies":[{"name":"wp","href":"https:\/\/api.w.org\/{rel}","templated":true}]}}