{"id":1119,"date":"2018-08-29T15:17:31","date_gmt":"2018-08-29T18:17:31","guid":{"rendered":"https:\/\/eanecochea-bue.infd.edu.ar\/sitio\/formaciones-basicas-foba\/"},"modified":"2026-04-08T21:29:53","modified_gmt":"2026-04-09T00:29:53","slug":"formaciones-basicas-foba","status":"publish","type":"page","link":"https:\/\/eanecochea-bue.infd.edu.ar\/sitio\/formaciones-basicas-foba\/","title":{"rendered":"FORMACIONES B\u00c1SICAS (FoBa)"},"content":{"rendered":"\n<h2 class=\"wp-block-heading has-text-align-left\"><span style=\"text-decoration: underline; font-family: arial, helvetica, sans-serif; font-size: 18pt;\"><strong>FoBa para el Profesorado en Educaci\u00f3n Musical<\/strong><\/span><\/h2>\n\n\n\n<p><strong><span style=\"font-family: arial, helvetica, sans-serif; font-size: 12pt;\">ESTRUCTURA CURRICULAR (Plan de Estudios)&nbsp;<\/span><\/strong>| <strong><a href=\"https:\/\/eanecochea-bue.infd.edu.ar\/sitio\/horarios-foba\/\" data-type=\"URL\" data-id=\"https:\/\/eanecochea-bue.infd.edu.ar\/sitio\/horarios-foba\/\">HORARIOS<\/a><\/strong>&nbsp;(click para ver)<\/p>\n\n\n\n<figure class=\"wp-block-table alignwide is-style-regular has-small-font-size\"><table class=\"has-base-3-color has-text-color has-background has-fixed-layout\" style=\"background-color:#6fa8dc\"><tbody><tr><td class=\"has-text-align-center\" data-align=\"center\"><strong><span>FOBA 1<\/span> <\/strong><\/td><td class=\"has-text-align-center\" data-align=\"center\"><strong><span>Lenguaje Musical I<\/span><\/strong> <br><span>4 hs semanales<\/span><\/td><td class=\"has-text-align-center\" data-align=\"center\"><span><strong>Apreciaci\u00f3n Musical I<\/strong><\/span> <br><span>2 hs semanales<\/span><\/td><td class=\"has-text-align-center\" data-align=\"center\"><strong><span>Pr\u00e1ctica de Conjunto<\/span> Vocal e Instrumental I <\/strong><br><span>2 hs semanales<\/span><\/td><td class=\"has-text-align-center\" data-align=\"center\"><strong><span>Instrumento I <\/span><\/strong><br><strong><span>(Piano o Guitarra)<\/span><\/strong> <br><span>2 hs semanales<\/span><\/td><td class=\"has-text-align-center\" data-align=\"center\"><strong style=\"font-family: inherit; font-size: inherit;\">Pr\u00e1ctica Coral<\/strong><span style=\"font-family: inherit; font-size: inherit; font-weight: inherit;\"> I <\/span><br><span>2 hs semanales<\/span> <\/td><td class=\"has-text-align-center\" data-align=\"center\"> <\/td><\/tr><tr><td class=\"has-text-align-center\" data-align=\"center\"><strong style=\"font-size: inherit; font-family: inherit;\">FOBA 2<\/strong><\/td><td class=\"has-text-align-center\" data-align=\"center\"><strong style=\"font-size: inherit; font-family: inherit;\">Lenguaje Musical II<\/strong> <br><span>8 hs semanales<\/span><\/td><td class=\"has-text-align-center\" data-align=\"center\"><strong>Apreciaci\u00f3n del Jazz Apreciaci\u00f3n del Tango<\/strong><br><strong><span>Apreciaci\u00f3n del Folklore<\/span><\/strong> <br><span>1 h semanal p\/ g\u00e9nero<\/span><\/td><td class=\"has-text-align-center\" data-align=\"center\"><strong> Pr\u00e1ctica de Conjunto <span>Vocal e Instrumental II<\/span><\/strong> <span>2 hs semanales<\/span><\/td><td class=\"has-text-align-center\" data-align=\"center\"><strong><span>Instrumento II<\/span> <\/strong><br><strong><span>(Piano o Guitarra)<\/span><\/strong> <br><span>2 hs semanales<\/span><\/td><td class=\"has-text-align-center\" data-align=\"center\"> <strong style=\"font-size: inherit; font-family: inherit;\">Pr\u00e1ctica Coral II<\/strong> <br><span>2 hs semanales<\/span><\/td><td class=\"has-text-align-center\" data-align=\"center\"><strong><span>Instrumento Arm\u00f3nico<\/span> <\/strong><br><strong><span>(Piano o Guitarra)<\/span><\/strong> <br><span>2 hs semanales<\/span><\/td><\/tr><\/tbody><\/table><\/figure>\n\n\n\n<p class=\"has-text-align-right\"><strong><span style=\"font-family: arial, helvetica, sans-serif; font-size: 12pt;\">&nbsp; &nbsp; &nbsp; &nbsp; &nbsp; &nbsp; &nbsp; <\/span><\/strong><\/p>\n\n\n\n<p><strong><span style=\"font-family: arial, helvetica, sans-serif; font-size: 12pt;\">Correlatividades :<\/span><\/strong><\/p>\n\n\n\n<figure class=\"wp-block-table is-style-stripes\"><table class=\"has-base-3-background-color has-background\"><tbody><tr><td><span style=\"font-size: 8pt; font-family: arial, helvetica, sans-serif;\"><strong>ESPACIO CURRICULAR<\/strong><\/span><\/td><td><span style=\"font-size: 8pt; font-family: arial, helvetica, sans-serif;\"><strong>Requisitos para cursar:<\/strong> <\/span><span style=\"font-size: 8pt; font-family: arial, helvetica, sans-serif;\">(Acreditados al comienzo del Ciclo Lectivo o en condiciones de compensar hasta Julio-Agosto, por ser correlativos)<\/span><\/td><\/tr><tr><td><span style=\"font-size: 8pt; font-family: arial, helvetica, sans-serif;\"><strong>Lenguaje II<\/strong><\/span><\/td><td><span style=\"font-size: 8pt; font-family: arial, helvetica, sans-serif;\">Lenguaje Nivel I<\/span><\/td><\/tr><tr><td><span style=\"font-size: 8pt; font-family: arial, helvetica, sans-serif;\"><strong>Instrumento II<\/strong><\/span><\/td><td><span style=\"font-size: 8pt; font-family: arial, helvetica, sans-serif;\">Instrumento I &#8211;&nbsp;<\/span><span style=\"font-size: 8pt; font-family: arial, helvetica, sans-serif;\">Lenguaje Nivel I<\/span><\/td><\/tr><tr><td><span style=\"font-size: 8pt; font-family: arial, helvetica, sans-serif;\"><strong>Pr\u00e1ctica de Conjunto Vocal e Instrumental II<\/strong><\/span><\/td><td><span style=\"font-size: 8pt; font-family: arial, helvetica, sans-serif;\">Lenguaje Nivel I &#8211;&nbsp;<\/span><span style=\"font-size: 8pt; font-family: arial, helvetica, sans-serif;\">Pr\u00e1ctica de Conjunto Vocal e Instrumental I<\/span><\/td><\/tr><tr><td><span style=\"font-size: 8pt;\"><strong>Apreciaci\u00f3n del Tango \/ &nbsp;Jazz \/ Folklore<\/strong><\/span><\/td><td><span style=\"font-size: 8pt; font-family: arial, helvetica, sans-serif;\">Apreciaci\u00f3n I &#8211;&nbsp;<\/span><span style=\"font-size: 8pt; font-family: arial, helvetica, sans-serif;\">Instrumento I &#8211; <\/span><span style=\"font-size: 8pt; font-family: arial, helvetica, sans-serif;\">Lenguaje Nivel I<\/span><\/td><\/tr><tr><td><span style=\"font-size: 8pt; font-family: arial, helvetica, sans-serif;\"><strong>Instrumento Arm\u00f3nico<\/strong><\/span><\/td><td><span style=\"font-size: 8pt; font-family: arial, helvetica, sans-serif;\">Instrumento I &#8211;&nbsp;<\/span><span style=\"font-size: 8pt; font-family: arial, helvetica, sans-serif;\">Lenguaje Nivel I<\/span><\/td><\/tr><tr><td><span style=\"font-size: 8pt; font-family: arial, helvetica, sans-serif;\"><strong>Pr\u00e1ctica Coral<\/strong> II<\/span> <\/td><td><span style=\"font-size: 8pt; font-family: arial, helvetica, sans-serif;\">Lenguaje Nivel I &#8211; Pr\u00e1ctica Coral I<\/span><\/td><\/tr><\/tbody><\/table><\/figure>\n\n\n\n<hr class=\"wp-block-separator has-alpha-channel-opacity\"\/>\n\n\n\n<h2 class=\"wp-block-heading\"><span style=\"text-decoration: underline; font-family: arial, helvetica, sans-serif; font-size: 18pt;\"><strong>FoBa para las Tecnicaturas de Instrumento (Piano &#8211; Guitarra &#8211; Viol\u00edn &#8211; Saxo &#8211; Bajo)<\/strong><\/span><\/h2>\n\n\n\n<p><span style=\"font-family: arial, helvetica, sans-serif; font-size: 12pt;\"><strong>ESTRUCTURA CURRICULAR (Plan de Estudios)<\/strong>\u00a0<\/span>| <strong><a href=\"https:\/\/eanecochea-bue.infd.edu.ar\/sitio\/horarios-foba-2\/\" data-type=\"URL\" data-id=\"https:\/\/eanecochea-bue.infd.edu.ar\/sitio\/horarios-foba-2\/\">HORARIOS<\/a><\/strong>\u00a0(click para ver)<\/p>\n\n\n\n<figure class=\"wp-block-table alignwide is-style-regular has-small-font-size\"><table class=\"has-base-3-color has-text-color has-background has-fixed-layout\" style=\"background-color:#6fa8dc\"><tbody><tr><td class=\"has-text-align-center\" data-align=\"center\"> <strong>FOBA 1 <\/strong><\/td><td class=\"has-text-align-center\" data-align=\"center\"><strong>Lenguaje Musical I <\/strong><br>4 hs semanales <\/td><td class=\"has-text-align-center\" data-align=\"center\"><strong>Apreciaci\u00f3n Musical I<\/strong> <br>2 hs semanales <\/td><td class=\"has-text-align-center\" data-align=\"center\"><strong>Pr\u00e1ctica de Conjunto Vocal e Instrumental I<\/strong> <br>2 hs semanales <\/td><td class=\"has-text-align-center\" data-align=\"center\"> <strong>Instrumento I (Pn,Gtr,Vln,Sx,B)<\/strong> <br>2 hs semanales <\/td><td class=\"has-text-align-center\" data-align=\"center\"><strong>Pr\u00e1ctica Coral II <\/strong><br>2 hs semanales  <\/td><td class=\"has-text-align-center\" data-align=\"center\">\n<p>&nbsp;<\/p>\n<\/td><\/tr><tr><td class=\"has-text-align-center\" data-align=\"center\"> <strong>FOBA 2 <\/strong><\/td><td class=\"has-text-align-center\" data-align=\"center\"><strong>Lenguaje Musical II <\/strong><br>8 hs semanales <\/td><td class=\"has-text-align-center\" data-align=\"center\"><strong>Apreciaci\u00f3n del Jazz<br><span style=\"font-family: inherit; font-size: inherit; font-weight: inherit;\">Apreciaci\u00f3n del Tango <\/span>Apreciaci\u00f3n del Folklore<\/strong> <br>1 h semanal&nbsp;por g\u00e9nero <\/td><td class=\"has-text-align-center\" data-align=\"center\"><strong>Pr\u00e1ctica de Conjunto Vocal e Instrumental II<\/strong> <br>2 hs semanales <\/td><td class=\"has-text-align-center\" data-align=\"center\"><strong>Instrumento II (Pn,Gtr,Vln,Sx,B)<\/strong> <br>2 hs semanales <\/td><td class=\"has-text-align-center\" data-align=\"center\"><strong>Pr\u00e1ctica Coral II <\/strong><br>2 hs semanales <\/td><td class=\"has-text-align-center\" data-align=\"center\"><strong>Instrumento <span style=\"font-family: inherit; font-size: inherit; font-weight: inherit;\">Arm\u00f3nico <\/span>(Piano o Guitarra)<\/strong> <br>2 hs semanales <\/td><\/tr><\/tbody><\/table><\/figure>\n\n\n\n<p><span style=\"font-size: 12pt;\"><strong><span style=\"font-family: arial, helvetica, sans-serif;\">Correlatividades:<\/span><\/strong><\/span>&nbsp;<\/p>\n\n\n\n<figure class=\"wp-block-table is-style-stripes\"><table><tbody><tr><td><span style=\"font-size: 8pt;\"><strong>ESPACIO CURRICULAR<\/strong><\/span><\/td><td><span style=\"font-size: 8pt;\"><strong>Requisitos para cursar: <\/strong>(Acreditados al comienzo del Ciclo Lectivo o en condiciones de compensar hasta Julio-Agosto, por ser correlativos)<\/span><\/td><\/tr><tr><td><span style=\"font-size: 8pt;\"><strong>Lenguaje II<\/strong><\/span><\/td><td><span style=\"font-size: 8pt;\">Lenguaje Nivel I<\/span><\/td><\/tr><tr><td><span style=\"font-size: 8pt;\"><strong>Instrumento II<\/strong><\/span><\/td><td><span style=\"font-size: 8pt;\">Instrumento I &#8211;&nbsp;Lenguaje Nivel I<\/span><\/td><\/tr><tr><td><span style=\"font-size: 8pt;\"><strong>Pr\u00e1ctica de Conjunto Vocal e Instrumental II<\/strong><\/span><\/td><td><span style=\"font-size: 8pt;\">Lenguaje Nivel I &#8211;&nbsp;Pr\u00e1ctica de Conjunto Vocal e Instrumental I<\/span><\/td><\/tr><tr><td><span style=\"font-size: 8pt;\"><strong>Apreciaci\u00f3n del Tango \/ &nbsp;Jazz \/ Folklore<\/strong><\/span><\/td><td><span style=\"font-size: 8pt;\">Apreciaci\u00f3n I &#8211;&nbsp;Instrumento I &#8211; Lenguaje Nivel I<\/span><\/td><\/tr><tr><td><span style=\"font-size: 8pt;\"><strong>Instrumento Arm\u00f3nico<\/strong><\/span><\/td><td><span style=\"font-size: 8pt;\">Instrumento I &#8211;&nbsp;Lenguaje Nivel I<\/span><\/td><\/tr><tr><td><span style=\"font-size: 8pt;\"><strong>Pr\u00e1ctica Coral II<\/strong><\/span><\/td><td><span style=\"font-size: 8pt;\">Lenguaje Nivel I &#8211; Pr\u00e1ctica Coral I<\/span> <\/td><\/tr><\/tbody><\/table><\/figure>\n\n\n\n<hr class=\"wp-block-separator has-alpha-channel-opacity\"\/>\n\n\n\n<p class=\"has-text-align-left\"><span style=\"text-decoration: underline; font-family: arial, helvetica, sans-serif; font-size: 18pt;\"><strong>FoBa para la Tecnicatura de Canto<\/strong><\/span><\/p>\n\n\n\n<p><span style=\"font-family: arial, helvetica, sans-serif; font-size: 12pt;\"><strong>Estructura Curricular (Plan de Estudios)<\/strong>&nbsp;<\/span>| <strong><a href=\"https:\/\/eanecochea-bue.infd.edu.ar\/sitio\/?page_id=2230\" data-type=\"URL\" data-id=\"https:\/\/eanecochea-bue.infd.edu.ar\/sitio\/?page_id=2230\">HORARIOS<\/a><\/strong>&nbsp;(click para ver)<\/p>\n\n\n\n<figure class=\"wp-block-table has-small-font-size\"><table class=\"has-base-3-color has-text-color has-background has-fixed-layout\" style=\"background-color:#6fa8dc\"><tbody><tr><td class=\"has-text-align-center\" data-align=\"center\"><strong>FOBA 1<\/strong><\/td><td class=\"has-text-align-center\" data-align=\"center\"><strong>Lenguaje Musical I<\/strong> <br>4 hs semanales <\/td><td class=\"has-text-align-center\" data-align=\"center\"><strong>Apr. Musical I <\/strong><br>2 hs semanales <\/td><td class=\"has-text-align-center\" data-align=\"center\"><strong>Pr\u00e1c. de Conj. Voc. e Instr. I<\/strong> <br>2 hs semanales <\/td><td class=\"has-text-align-center\" data-align=\"center\"><strong>Canto I<\/strong> <br>2 hs semanales <\/td><td class=\"has-text-align-center\" data-align=\"center\"><strong>Repertorio I <\/strong><br>1h semanal <\/td><td class=\"has-text-align-center\" data-align=\"center\"><strong>Trabajo&nbsp; Corporal<\/strong> <br>2 hs semanales <\/td><td class=\"has-text-align-center\" data-align=\"center\"><strong>Dicci\u00f3n Portuguesa<\/strong> <br>2 hs semanales <\/td><td class=\"has-text-align-center\" data-align=\"center\"><strong>Foniatr\u00eda <\/strong><br>2 hs sem. <\/td><td class=\"has-text-align-center\" data-align=\"center\"><strong>Pr. Coral I<\/strong><br>2 hs semanales <\/td><\/tr><tr><td class=\"has-text-align-center\" data-align=\"center\"><strong>FOBA 2 <\/strong><\/td><td class=\"has-text-align-center\" data-align=\"center\"><strong>Lenguaje Musical II<\/strong> <br>8 hs semanales <\/td><td class=\"has-text-align-center\" data-align=\"center\"><strong>Apr. del Jazz Apr. del Tango Apr. del Folklore <\/strong><br>1h semanal&nbsp;<br>por g\u00e9nero <\/td><td class=\"has-text-align-center\" data-align=\"center\"><strong>Pr. de Conj. Voc. e Instr. I <\/strong><br>2 hs semanales <\/td><td class=\"has-text-align-center\" data-align=\"center\"><strong>Canto II<\/strong> <br>2 hs semanales <\/td><td class=\"has-text-align-center\" data-align=\"center\"><strong>Repertorio II<\/strong> <br>1h semanal <\/td><td class=\"has-text-align-center\" data-align=\"center\"><strong>Pr. Coral II <\/strong><br>2 hs semanales <\/td><td class=\"has-text-align-center\" data-align=\"center\"><strong>Dicci\u00f3n Inglesa<\/strong> <br>2 hs semanales <\/td><td class=\"has-text-align-center\" data-align=\"center\"><strong>Instr. Arm\u00f3nico Piano <\/strong><br>1 hs sem. <\/td><td class=\"has-text-align-center\" data-align=\"center\"><\/td><\/tr><\/tbody><\/table><\/figure>\n\n\n\n<h1 class=\"wp-block-heading has-medium-font-size\"><strong><span style=\"font-family: arial, helvetica, sans-serif; font-size: 12pt;\">Correlatividades:&nbsp;<\/span>&nbsp;<\/strong><\/h1>\n\n\n\n<figure class=\"wp-block-table is-style-stripes\"><table><tbody><tr><td><span style=\"font-size: 8pt;\"><strong>ESPACIO CURRICULAR<\/strong><\/span><\/td><td><span style=\"font-size: 8pt;\"><strong>Requisitos para cursar:<\/strong>(Acreditados al comienzo del Ciclo Lectivo o en condiciones de compensar hasta Julio-Agosto, por ser correlativos)<\/span><\/td><\/tr><tr><td><span style=\"font-size: 8pt;\"><strong>Lenguaje II<\/strong><\/span><\/td><td><span style=\"font-size: 8pt;\">Lenguaje Nivel I<\/span><\/td><\/tr><tr><td><span style=\"font-size: 8pt;\"><strong>Canto II<\/strong><\/span><\/td><td><span style=\"font-size: 8pt;\">Canto I &#8211;&nbsp;Lenguaje Nivel I &#8211; Repertorio I &#8211;&nbsp;Dicci\u00f3n Portuguesa<\/span><\/td><\/tr><tr><td><span style=\"font-size: 8pt;\"><strong>Repertorio II<\/strong><\/span><\/td><td><span style=\"font-size: 8pt;\">Canto I &#8211;&nbsp;Lenguaje Nivel I &#8211; Repertorio I &#8211; Dicci\u00f3n Portuguesa<\/span><\/td><\/tr><tr><td><span style=\"font-size: 8pt;\"><strong>Pr\u00e1ctica de Conjunto Vocal e Instrumental II<\/strong><\/span><\/td><td><span style=\"font-size: 8pt;\">Lenguaje Nivel I &#8211;&nbsp;Pr\u00e1ctica de Conjunto Vocal e Instrumental I<\/span><\/td><\/tr><tr><td><span style=\"font-size: 8pt;\"><strong>Apreciaci\u00f3n del Tango \/ &nbsp;Jazz \/ Folklore<\/strong><\/span><\/td><td><span style=\"font-size: 8pt;\">Apreciaci\u00f3n I &#8211;&nbsp;Instrumento I &#8211;&nbsp;Lenguaje Nivel I<\/span><\/td><\/tr><tr><td><span style=\"font-size: 8pt;\"><strong>Instrumento Arm\u00f3nico Piano<\/strong><\/span><\/td><td><span style=\"font-size: 8pt;\">Instrumento I &#8211;&nbsp;Lenguaje Nivel I<\/span><\/td><\/tr><tr><td><span style=\"font-size: 8pt;\"><strong>Pr\u00e1ctica Coral II<\/strong><\/span><\/td><td><span style=\"font-size: 8pt;\">Lenguaje Nivel I &#8211; Pr\u00e1ctica Coral I<\/span><\/td><\/tr><tr><td><span style=\"font-size: 8pt;\"><strong>Dicci\u00f3n Inglesa<\/strong><\/span><\/td><td>&nbsp;<\/td><\/tr><\/tbody><\/table><\/figure>\n","protected":false},"excerpt":{"rendered":"<p>FoBa para el Profesorado en Educaci\u00f3n Musical ESTRUCTURA CURRICULAR (Plan de Estudios)&nbsp;| HORARIOS&nbsp;(click para ver) FOBA 1 Lenguaje Musical I 4 hs semanales Apreciaci\u00f3n Musical I 2 hs semanales Pr\u00e1ctica de Conjunto Vocal e Instrumental I 2 hs semanales Instrumento I (Piano o Guitarra) 2 hs semanales Pr\u00e1ctica Coral I 2 hs semanales FOBA 2 &#8230; <a title=\"FORMACIONES B\u00c1SICAS (FoBa)\" class=\"read-more\" href=\"https:\/\/eanecochea-bue.infd.edu.ar\/sitio\/formaciones-basicas-foba\/\" aria-label=\"More on FORMACIONES B\u00c1SICAS (FoBa)\">[+]<\/a><\/p>\n","protected":false},"author":363,"featured_media":0,"parent":0,"menu_order":0,"comment_status":"closed","ping_status":"closed","template":"","meta":[],"acf":[],"_links":{"self":[{"href":"https:\/\/eanecochea-bue.infd.edu.ar\/sitio\/wp-json\/wp\/v2\/pages\/1119"}],"collection":[{"href":"https:\/\/eanecochea-bue.infd.edu.ar\/sitio\/wp-json\/wp\/v2\/pages"}],"about":[{"href":"https:\/\/eanecochea-bue.infd.edu.ar\/sitio\/wp-json\/wp\/v2\/types\/page"}],"author":[{"embeddable":true,"href":"https:\/\/eanecochea-bue.infd.edu.ar\/sitio\/wp-json\/wp\/v2\/users\/363"}],"replies":[{"embeddable":true,"href":"https:\/\/eanecochea-bue.infd.edu.ar\/sitio\/wp-json\/wp\/v2\/comments?post=1119"}],"version-history":[{"count":18,"href":"https:\/\/eanecochea-bue.infd.edu.ar\/sitio\/wp-json\/wp\/v2\/pages\/1119\/revisions"}],"predecessor-version":[{"id":2668,"href":"https:\/\/eanecochea-bue.infd.edu.ar\/sitio\/wp-json\/wp\/v2\/pages\/1119\/revisions\/2668"}],"wp:attachment":[{"href":"https:\/\/eanecochea-bue.infd.edu.ar\/sitio\/wp-json\/wp\/v2\/media?parent=1119"}],"curies":[{"name":"wp","href":"https:\/\/api.w.org\/{rel}","templated":true}]}}