{"id":1123,"date":"2018-08-29T15:17:32","date_gmt":"2018-08-29T18:17:32","guid":{"rendered":"https:\/\/eanecochea-bue.infd.edu.ar\/sitio\/formacion-basica-para-ninos-y-pre-adolescentes-iniciacion-musical\/"},"modified":"2025-03-14T16:52:26","modified_gmt":"2025-03-14T19:52:26","slug":"formacion-basica-para-ninos-y-pre-adolescentes-iniciacion-musical","status":"publish","type":"page","link":"https:\/\/eanecochea-bue.infd.edu.ar\/sitio\/formacion-basica-para-ninos-y-pre-adolescentes-iniciacion-musical\/","title":{"rendered":"INICIACION MUSICAL"},"content":{"rendered":"\n<h4 class=\"wp-block-heading has-text-align-left\"><span style=\"text-decoration: underline;\"><strong>PIANO &#8211; GUITARRA &#8211; VIOLIN<\/strong><\/span><\/h4>\n\n\n\n<p>FORMACION BASICA PARA NI\u00d1OS Y PRE-ADOLESCENTES<\/p>\n\n\n\n<p><strong><a href=\"https:\/\/eanecochea-bue.infd.edu.ar\/sitio\/?page_id=2268\" data-type=\"URL\" data-id=\"https:\/\/eanecochea-bue.infd.edu.ar\/sitio\/?page_id=2268\">HORARIOS 2025<\/a><\/strong>\u00a0(click para ver)<\/p>\n\n\n\n<p><\/p>\n\n\n\n<h2 class=\"wp-block-heading\">Descripci\u00f3n<\/h2>\n\n\n\n<p><strong>DURACION:<\/strong> SEIS (6) A\u00d1OS distribuidos en dos ciclos<\/p>\n\n\n\n<p><strong>CICLO INICIAL:<\/strong> TRES (3) A\u00d1OS<\/p>\n\n\n\n<p><strong>CICLO MEDIO:<\/strong> TRES (3) A\u00d1OS<\/p>\n\n\n\n<p><strong>REQUISITOS DE INGRESO:<\/strong> Edad M\u00ednima: 9 A\u00d1OS<\/p>\n\n\n\n<p><span style=\"text-decoration: underline;\"><strong>ESTRUCTURA (Clickar en el t\u00edtulo para ver imagen)<\/strong><\/span><\/p>\n\n\n\n<p><a title=\"ni\u00f1os estructura2\" href=\"upload\/1999_Resolucion_13231_arrastrado.pdf\" target=\"_blank\" rel=\"noopener\">CICLO INICIAL<\/a><\/p>\n\n\n\n<p><a title=\"ni\u00f1os estructura\" href=\"upload\/1999_Resolucion_13231_arrastrado_1.pdf\" target=\"_blank\" rel=\"noopener\">CICLO MEDIO<\/a><\/p>\n\n\n\n<p><span style=\"text-decoration: underline;\"><strong>PROFESORES:<\/strong><\/span><\/p>\n\n\n\n<p><strong>PIANO:<\/strong> <\/p>\n\n\n\n<ul>\n<li>Prof. Jorge Fichman<\/li>\n<\/ul>\n\n\n\n<p><\/p>\n\n\n\n<p><strong>GUITARRA:<\/strong>\u00a0\u00a0<\/p>\n\n\n\n<ul>\n<li>Prof. Maite Giorgetti<\/li>\n\n\n\n<li>Prof. Romina Argando\u00f1a<\/li>\n<\/ul>\n\n\n\n<p><\/p>\n\n\n\n<p><strong>VIOLIN:<\/strong> <\/p>\n\n\n\n<ul>\n<li>Prof. Romina Argando\u00f1a<\/li>\n\n\n\n<li>Prof. Leonor Sulpizio<\/li>\n<\/ul>\n\n\n\n<p><\/p>\n\n\n\n<p><strong>LENGUAJE MUSICAL:<\/strong> <\/p>\n\n\n\n<ul>\n<li>Prof. Silvana Dencheff<\/li>\n<\/ul>\n\n\n\n<p><\/p>\n\n\n\n<p><\/p>\n\n\n\n<h2 class=\"wp-block-heading\">HORARIOS 2025<\/h2>\n\n\n\n<figure class=\"wp-block-image size-large\"><img decoding=\"async\" loading=\"lazy\" width=\"1900\" height=\"1154\" src=\"https:\/\/eanecochea-bue.infd.edu.ar\/sitio\/wp-content\/uploads\/2025\/03\/HORARIOS-INICIACION-MUSICAL-2025.docx-1900x1154.png\" alt=\"\" class=\"wp-image-2266\" srcset=\"https:\/\/eanecochea-bue.infd.edu.ar\/sitio\/wp-content\/uploads\/2025\/03\/HORARIOS-INICIACION-MUSICAL-2025.docx-1900x1154.png 1900w, https:\/\/eanecochea-bue.infd.edu.ar\/sitio\/wp-content\/uploads\/2025\/03\/HORARIOS-INICIACION-MUSICAL-2025.docx-1000x607.png 1000w, https:\/\/eanecochea-bue.infd.edu.ar\/sitio\/wp-content\/uploads\/2025\/03\/HORARIOS-INICIACION-MUSICAL-2025.docx-768x466.png 768w, https:\/\/eanecochea-bue.infd.edu.ar\/sitio\/wp-content\/uploads\/2025\/03\/HORARIOS-INICIACION-MUSICAL-2025.docx-1536x933.png 1536w, https:\/\/eanecochea-bue.infd.edu.ar\/sitio\/wp-content\/uploads\/2025\/03\/HORARIOS-INICIACION-MUSICAL-2025.docx-2048x1243.png 2048w\" sizes=\"(max-width: 1900px) 100vw, 1900px\" \/><\/figure>\n","protected":false},"excerpt":{"rendered":"<p>PIANO &#8211; GUITARRA &#8211; VIOLIN FORMACION BASICA PARA NI\u00d1OS Y PRE-ADOLESCENTES HORARIOS 2025\u00a0(click para ver) Descripci\u00f3n DURACION: SEIS (6) A\u00d1OS distribuidos en dos ciclos CICLO INICIAL: TRES (3) A\u00d1OS CICLO MEDIO: TRES (3) A\u00d1OS REQUISITOS DE INGRESO: Edad M\u00ednima: 9 A\u00d1OS ESTRUCTURA (Clickar en el t\u00edtulo para ver imagen) CICLO INICIAL CICLO MEDIO PROFESORES: PIANO: &#8230; <a title=\"INICIACION MUSICAL\" class=\"read-more\" href=\"https:\/\/eanecochea-bue.infd.edu.ar\/sitio\/formacion-basica-para-ninos-y-pre-adolescentes-iniciacion-musical\/\" aria-label=\"More on INICIACION MUSICAL\">[+]<\/a><\/p>\n","protected":false},"author":363,"featured_media":0,"parent":0,"menu_order":0,"comment_status":"closed","ping_status":"closed","template":"","meta":[],"acf":[],"_links":{"self":[{"href":"https:\/\/eanecochea-bue.infd.edu.ar\/sitio\/wp-json\/wp\/v2\/pages\/1123"}],"collection":[{"href":"https:\/\/eanecochea-bue.infd.edu.ar\/sitio\/wp-json\/wp\/v2\/pages"}],"about":[{"href":"https:\/\/eanecochea-bue.infd.edu.ar\/sitio\/wp-json\/wp\/v2\/types\/page"}],"author":[{"embeddable":true,"href":"https:\/\/eanecochea-bue.infd.edu.ar\/sitio\/wp-json\/wp\/v2\/users\/363"}],"replies":[{"embeddable":true,"href":"https:\/\/eanecochea-bue.infd.edu.ar\/sitio\/wp-json\/wp\/v2\/comments?post=1123"}],"version-history":[{"count":7,"href":"https:\/\/eanecochea-bue.infd.edu.ar\/sitio\/wp-json\/wp\/v2\/pages\/1123\/revisions"}],"predecessor-version":[{"id":2274,"href":"https:\/\/eanecochea-bue.infd.edu.ar\/sitio\/wp-json\/wp\/v2\/pages\/1123\/revisions\/2274"}],"wp:attachment":[{"href":"https:\/\/eanecochea-bue.infd.edu.ar\/sitio\/wp-json\/wp\/v2\/media?parent=1123"}],"curies":[{"name":"wp","href":"https:\/\/api.w.org\/{rel}","templated":true}]}}