{"id":2031,"date":"2024-05-28T10:45:51","date_gmt":"2024-05-28T13:45:51","guid":{"rendered":"https:\/\/eanecochea-bue.infd.edu.ar\/sitio\/?page_id=2031"},"modified":"2024-05-28T10:45:52","modified_gmt":"2024-05-28T13:45:52","slug":"ii-jornada-bienal-de-investigacion-en-artes","status":"publish","type":"page","link":"https:\/\/eanecochea-bue.infd.edu.ar\/sitio\/ii-jornada-bienal-de-investigacion-en-artes\/","title":{"rendered":"II Jornada Bienal de Investigaci\u00f3n en Artes"},"content":{"rendered":"\n<p>En los d\u00edas <strong>29 y 30 de mayo<\/strong> del corriente a\u00f1o, se desarrollar\u00e1 en las instalaciones de la <strong>Escuela Provincial de Arte n\u00b01 \u201cOrillas del Quequ\u00e9n\u201d<\/strong>, la <em>2\u00b0 Jornada Bienal de Investigaci\u00f3n en Artes<\/em>.<\/p>\n\n\n\n<p>Luego de la primera edici\u00f3n en el a\u00f1o 2021, realizada en forma virtual en contexto de aislamiento, en esta ocasi\u00f3n ser\u00e1 en su totalidad desarrollada de forma presencial.<\/p>\n\n\n\n<p>El evento apunta a continuar la extensa labor de consolidaci\u00f3n de la investigaci\u00f3n en artes como una actividad acad\u00e9mica espec\u00edfica, formalizada y con objetivos propios m\u00e1s all\u00e1 de la creaci\u00f3n y la docencia, focalizada en la reflexi\u00f3n sobre nuestras pr\u00e1cticas art\u00edsticas, procurando una tarea mucho m\u00e1s frecuente y en aumento, en estudiantes, artistas y docentes de nuestra disciplina.<\/p>\n\n\n\n<p>Para tal objetivo contaremos con la presencia de investigadores que se encuentran enfrentando las problem\u00e1ticas espec\u00edficas de este trabajo, desde las cuatro perspectivas y \u00e1reas en las que nuestra escuela brinda formaci\u00f3n: artes visuales, danza, m\u00fasica y teatro.<\/p>\n\n\n\n<p>Adem\u00e1s, compartiremos investigaciones finalizadas y en desarrollo de nuestros estudiantes, docentes y egresado\/as, que den cuenta del estado actual de la actividad de la disciplina en nuestra regi\u00f3n. Invitamos a participar de la misma al p\u00fablico interesado.<\/p>\n\n\n\n<figure class=\"wp-block-gallery has-nested-images columns-default is-cropped wp-block-gallery-1 is-layout-flex\">\n<figure class=\"wp-block-image size-full\"><img decoding=\"async\" loading=\"lazy\" width=\"1280\" height=\"1280\" data-id=\"2032\"  src=\"https:\/\/eanecochea-bue.infd.edu.ar\/sitio\/wp-content\/uploads\/2024\/05\/WhatsApp-Image-2024-05-27-at-11.15.53.jpeg\" alt=\"\" class=\"wp-image-2032\" srcset=\"https:\/\/eanecochea-bue.infd.edu.ar\/sitio\/wp-content\/uploads\/2024\/05\/WhatsApp-Image-2024-05-27-at-11.15.53.jpeg 1280w, https:\/\/eanecochea-bue.infd.edu.ar\/sitio\/wp-content\/uploads\/2024\/05\/WhatsApp-Image-2024-05-27-at-11.15.53-1000x1000.jpeg 1000w, https:\/\/eanecochea-bue.infd.edu.ar\/sitio\/wp-content\/uploads\/2024\/05\/WhatsApp-Image-2024-05-27-at-11.15.53-500x500.jpeg 500w, https:\/\/eanecochea-bue.infd.edu.ar\/sitio\/wp-content\/uploads\/2024\/05\/WhatsApp-Image-2024-05-27-at-11.15.53-768x768.jpeg 768w\" sizes=\"(max-width: 1280px) 100vw, 1280px\" \/><\/figure>\n\n\n\n<figure class=\"wp-block-image size-full\"><img decoding=\"async\" loading=\"lazy\" width=\"1280\" height=\"1280\" data-id=\"2036\"  src=\"https:\/\/eanecochea-bue.infd.edu.ar\/sitio\/wp-content\/uploads\/2024\/05\/WhatsApp-Image-2024-05-27-at-11.15.54-2.jpeg\" alt=\"\" class=\"wp-image-2036\" srcset=\"https:\/\/eanecochea-bue.infd.edu.ar\/sitio\/wp-content\/uploads\/2024\/05\/WhatsApp-Image-2024-05-27-at-11.15.54-2.jpeg 1280w, https:\/\/eanecochea-bue.infd.edu.ar\/sitio\/wp-content\/uploads\/2024\/05\/WhatsApp-Image-2024-05-27-at-11.15.54-2-1000x1000.jpeg 1000w, https:\/\/eanecochea-bue.infd.edu.ar\/sitio\/wp-content\/uploads\/2024\/05\/WhatsApp-Image-2024-05-27-at-11.15.54-2-500x500.jpeg 500w, https:\/\/eanecochea-bue.infd.edu.ar\/sitio\/wp-content\/uploads\/2024\/05\/WhatsApp-Image-2024-05-27-at-11.15.54-2-768x768.jpeg 768w\" sizes=\"(max-width: 1280px) 100vw, 1280px\" \/><\/figure>\n\n\n\n<figure class=\"wp-block-image size-full\"><img decoding=\"async\" loading=\"lazy\" width=\"1280\" height=\"1280\" data-id=\"2033\"  src=\"https:\/\/eanecochea-bue.infd.edu.ar\/sitio\/wp-content\/uploads\/2024\/05\/WhatsApp-Image-2024-05-27-at-11.15.54-1.jpeg\" alt=\"\" class=\"wp-image-2033\" srcset=\"https:\/\/eanecochea-bue.infd.edu.ar\/sitio\/wp-content\/uploads\/2024\/05\/WhatsApp-Image-2024-05-27-at-11.15.54-1.jpeg 1280w, https:\/\/eanecochea-bue.infd.edu.ar\/sitio\/wp-content\/uploads\/2024\/05\/WhatsApp-Image-2024-05-27-at-11.15.54-1-1000x1000.jpeg 1000w, https:\/\/eanecochea-bue.infd.edu.ar\/sitio\/wp-content\/uploads\/2024\/05\/WhatsApp-Image-2024-05-27-at-11.15.54-1-500x500.jpeg 500w, https:\/\/eanecochea-bue.infd.edu.ar\/sitio\/wp-content\/uploads\/2024\/05\/WhatsApp-Image-2024-05-27-at-11.15.54-1-768x768.jpeg 768w\" sizes=\"(max-width: 1280px) 100vw, 1280px\" \/><\/figure>\n\n\n\n<figure class=\"wp-block-image size-full\"><img decoding=\"async\" loading=\"lazy\" width=\"1280\" height=\"1280\" data-id=\"2035\"  src=\"https:\/\/eanecochea-bue.infd.edu.ar\/sitio\/wp-content\/uploads\/2024\/05\/WhatsApp-Image-2024-05-27-at-11.15.54.jpeg\" alt=\"\" class=\"wp-image-2035\" srcset=\"https:\/\/eanecochea-bue.infd.edu.ar\/sitio\/wp-content\/uploads\/2024\/05\/WhatsApp-Image-2024-05-27-at-11.15.54.jpeg 1280w, https:\/\/eanecochea-bue.infd.edu.ar\/sitio\/wp-content\/uploads\/2024\/05\/WhatsApp-Image-2024-05-27-at-11.15.54-1000x1000.jpeg 1000w, https:\/\/eanecochea-bue.infd.edu.ar\/sitio\/wp-content\/uploads\/2024\/05\/WhatsApp-Image-2024-05-27-at-11.15.54-500x500.jpeg 500w, https:\/\/eanecochea-bue.infd.edu.ar\/sitio\/wp-content\/uploads\/2024\/05\/WhatsApp-Image-2024-05-27-at-11.15.54-768x768.jpeg 768w\" sizes=\"(max-width: 1280px) 100vw, 1280px\" \/><\/figure>\n\n\n\n<figure class=\"wp-block-image size-full\"><img decoding=\"async\" loading=\"lazy\" width=\"1280\" height=\"1280\" data-id=\"2034\"  src=\"https:\/\/eanecochea-bue.infd.edu.ar\/sitio\/wp-content\/uploads\/2024\/05\/WhatsApp-Image-2024-05-27-at-11.15.53-1.jpeg\" alt=\"\" class=\"wp-image-2034\" srcset=\"https:\/\/eanecochea-bue.infd.edu.ar\/sitio\/wp-content\/uploads\/2024\/05\/WhatsApp-Image-2024-05-27-at-11.15.53-1.jpeg 1280w, https:\/\/eanecochea-bue.infd.edu.ar\/sitio\/wp-content\/uploads\/2024\/05\/WhatsApp-Image-2024-05-27-at-11.15.53-1-1000x1000.jpeg 1000w, https:\/\/eanecochea-bue.infd.edu.ar\/sitio\/wp-content\/uploads\/2024\/05\/WhatsApp-Image-2024-05-27-at-11.15.53-1-500x500.jpeg 500w, https:\/\/eanecochea-bue.infd.edu.ar\/sitio\/wp-content\/uploads\/2024\/05\/WhatsApp-Image-2024-05-27-at-11.15.53-1-768x768.jpeg 768w\" sizes=\"(max-width: 1280px) 100vw, 1280px\" \/><\/figure>\n<\/figure>\n\n\n\n<div class=\"wp-block-file\"><object class=\"wp-block-file__embed\" data=\"https:\/\/eanecochea-bue.infd.edu.ar\/sitio\/wp-content\/uploads\/2024\/05\/CRONOGRAMA-BIENAL.pdf\" type=\"application\/pdf\" style=\"width:100%;height:600px\" aria-label=\"Incrustado de CRONOGRAMA-BIENAL.\"><\/object><a id=\"wp-block-file--media-008a3842-3e93-432c-a236-39afb15bfc3d\" href=\"https:\/\/eanecochea-bue.infd.edu.ar\/sitio\/wp-content\/uploads\/2024\/05\/CRONOGRAMA-BIENAL.pdf\">CRONOGRAMA-BIENAL<\/a><a href=\"https:\/\/eanecochea-bue.infd.edu.ar\/sitio\/wp-content\/uploads\/2024\/05\/CRONOGRAMA-BIENAL.pdf\" class=\"wp-block-file__button wp-element-button\" download aria-describedby=\"wp-block-file--media-008a3842-3e93-432c-a236-39afb15bfc3d\">Descarga<\/a><\/div>\n","protected":false},"excerpt":{"rendered":"<p>En los d\u00edas 29 y 30 de mayo del corriente a\u00f1o, se desarrollar\u00e1 en las instalaciones de la Escuela Provincial de Arte n\u00b01 \u201cOrillas del Quequ\u00e9n\u201d, la 2\u00b0 Jornada Bienal de Investigaci\u00f3n en Artes. Luego de la primera edici\u00f3n en el a\u00f1o 2021, realizada en forma virtual en contexto de aislamiento, en esta ocasi\u00f3n ser\u00e1 &#8230; <a title=\"II Jornada Bienal de Investigaci\u00f3n en Artes\" class=\"read-more\" href=\"https:\/\/eanecochea-bue.infd.edu.ar\/sitio\/ii-jornada-bienal-de-investigacion-en-artes\/\" aria-label=\"More on II Jornada Bienal de Investigaci\u00f3n en Artes\">[+]<\/a><\/p>\n","protected":false},"author":384,"featured_media":0,"parent":0,"menu_order":0,"comment_status":"closed","ping_status":"closed","template":"","meta":[],"acf":[],"_links":{"self":[{"href":"https:\/\/eanecochea-bue.infd.edu.ar\/sitio\/wp-json\/wp\/v2\/pages\/2031"}],"collection":[{"href":"https:\/\/eanecochea-bue.infd.edu.ar\/sitio\/wp-json\/wp\/v2\/pages"}],"about":[{"href":"https:\/\/eanecochea-bue.infd.edu.ar\/sitio\/wp-json\/wp\/v2\/types\/page"}],"author":[{"embeddable":true,"href":"https:\/\/eanecochea-bue.infd.edu.ar\/sitio\/wp-json\/wp\/v2\/users\/384"}],"replies":[{"embeddable":true,"href":"https:\/\/eanecochea-bue.infd.edu.ar\/sitio\/wp-json\/wp\/v2\/comments?post=2031"}],"version-history":[{"count":1,"href":"https:\/\/eanecochea-bue.infd.edu.ar\/sitio\/wp-json\/wp\/v2\/pages\/2031\/revisions"}],"predecessor-version":[{"id":2040,"href":"https:\/\/eanecochea-bue.infd.edu.ar\/sitio\/wp-json\/wp\/v2\/pages\/2031\/revisions\/2040"}],"wp:attachment":[{"href":"https:\/\/eanecochea-bue.infd.edu.ar\/sitio\/wp-json\/wp\/v2\/media?parent=2031"}],"curies":[{"name":"wp","href":"https:\/\/api.w.org\/{rel}","templated":true}]}}