{"id":286,"date":"2016-10-31T13:17:59","date_gmt":"2016-10-31T16:17:59","guid":{"rendered":"https:\/\/eanecochea-bue.infd.edu.ar\/sitio\/?page_id=286"},"modified":"2025-12-09T16:36:58","modified_gmt":"2025-12-09T19:36:58","slug":"inicio","status":"publish","type":"page","link":"https:\/\/eanecochea-bue.infd.edu.ar\/sitio\/","title":{"rendered":"Inicio"},"content":{"rendered":"\n<figure class=\"wp-block-table\"><table><tbody><tr><td class=\"has-text-align-center\" data-align=\"center\"><span><mark style=\"background-color: rgba(0, 0, 0, 0);\" class=\"has-inline-color has-vivid-red-color\"><b>INSCRIPCI\u00d3N AL CICLO LECTIVO 2026<\/b><\/mark><\/span><br><br>Ya est\u00e1 abierta la inscripci\u00f3n a las carreras de nuestra escuela. Llen\u00e1 el formulario on-line y tra\u00e9 los datos solicitados en la semana del 23 al 27 de febrero. \u00bfQu\u00e9 estas esperando?<br><br><a href=\"https:\/\/eanecochea-bue.infd.edu.ar\/sitio\/inscripcion-ciclo-lectivo-2026\/\" data-type=\"URL\" data-id=\"https:\/\/eanecochea-bue.infd.edu.ar\/sitio\/inscripcion-ciclo-lectivo-2026\/\">INSCRIBITE YA!<\/a> <\/td><\/tr><\/tbody><\/table><\/figure>\n\n\n\n<figure class=\"wp-block-table\"><table><tbody><tr><td class=\"has-text-align-center\" data-align=\"center\"><strong><span class=\"has-inline-color has-vivid-red-color\">MUESTRAS, PRODUCCIONES, AUDICIONES<\/span><\/strong><br><br>Para conocer las producciones que peri\u00f3dicamente se realizan en la escuela a trav\u00e9s de distintas propuestas, seguir el enlace.<br><br><a href=\"https:\/\/www.youtube.com\/channel\/UChv2RzAhnniOJhY8Rlq25fg\" data-type=\"URL\" data-id=\"https:\/\/www.youtube.com\/channel\/UChv2RzAhnniOJhY8Rlq25fg\" target=\"_blank\" rel=\"noreferrer noopener\">VER<\/a><\/td><\/tr><\/tbody><\/table><\/figure>\n","protected":false},"excerpt":{"rendered":"<p>INSCRIPCI\u00d3N AL CICLO LECTIVO 2026 Ya est\u00e1 abierta la inscripci\u00f3n a las carreras de nuestra escuela. Llen\u00e1 el formulario on-line y tra\u00e9 los datos solicitados en la semana del 23 al 27 de febrero. \u00bfQu\u00e9 estas esperando? INSCRIBITE YA! MUESTRAS, PRODUCCIONES, AUDICIONES Para conocer las producciones que peri\u00f3dicamente se realizan en la escuela a trav\u00e9s &#8230; <a title=\"Inicio\" class=\"read-more\" href=\"https:\/\/eanecochea-bue.infd.edu.ar\/sitio\/\" aria-label=\"More on Inicio\">[+]<\/a><\/p>\n","protected":false},"author":1,"featured_media":0,"parent":0,"menu_order":0,"comment_status":"closed","ping_status":"closed","template":"","meta":[],"acf":[],"_links":{"self":[{"href":"https:\/\/eanecochea-bue.infd.edu.ar\/sitio\/wp-json\/wp\/v2\/pages\/286"}],"collection":[{"href":"https:\/\/eanecochea-bue.infd.edu.ar\/sitio\/wp-json\/wp\/v2\/pages"}],"about":[{"href":"https:\/\/eanecochea-bue.infd.edu.ar\/sitio\/wp-json\/wp\/v2\/types\/page"}],"author":[{"embeddable":true,"href":"https:\/\/eanecochea-bue.infd.edu.ar\/sitio\/wp-json\/wp\/v2\/users\/1"}],"replies":[{"embeddable":true,"href":"https:\/\/eanecochea-bue.infd.edu.ar\/sitio\/wp-json\/wp\/v2\/comments?post=286"}],"version-history":[{"count":129,"href":"https:\/\/eanecochea-bue.infd.edu.ar\/sitio\/wp-json\/wp\/v2\/pages\/286\/revisions"}],"predecessor-version":[{"id":2585,"href":"https:\/\/eanecochea-bue.infd.edu.ar\/sitio\/wp-json\/wp\/v2\/pages\/286\/revisions\/2585"}],"wp:attachment":[{"href":"https:\/\/eanecochea-bue.infd.edu.ar\/sitio\/wp-json\/wp\/v2\/media?parent=286"}],"curies":[{"name":"wp","href":"https:\/\/api.w.org\/{rel}","templated":true}]}}